uppose -2*s + 36 = 2*m, -2*m - 45 = -5*s + 2*m. What is the highest common factor of s and 143?
13
Let h(w) = -w**3 - w**2 + w + 4. Let g be h(0). Suppose 90 = -m + g*m. What is the greatest common factor of 15 and m?
15
Let i be -60*((-8)/12)/2. What is the highest common factor of i and 5?
5
Let w = -5 - -6. Let j be (-10)/4*(w + -5). Calculate the highest common factor of j and 90.
10
Suppose -5*b + 0*z - 2*z = -1006, -5*z = 2*b - 415. Suppose 0*a = 4*a - b. Suppose 4*r = -14 + a. What is the highest common divisor of 27 and r?
9
Let o be 1/((-9)/(-4) + -2). Suppose 0*g = w + o*g - 4, g = 0. Calculate the greatest common factor of w and 44.
4
Let c(k) = 3*k - 8. Let w be c(4). Suppose -4*x = 2*l - 7*x - 13, 0 = w*l - 5*x - 27. Calculate the highest common divisor of l and 88.
8
Let x(v) = 2*v**2 - 12*v + 3. Let d be x(6). Let g = -1 + 9. Let p = g - 6. What is the greatest common factor of d and p?
1
Let w be (-1 - 2)*44/(-6). Let c(b) = b**3 + 26*b**2 - 2*b - 30. Let h be c(-26). Calculate the highest common factor of w and h.
22
Let k(r) = 107*r - 13. Let l be k(3). Calculate the greatest common factor of l and 11.
11
Let c(g) = -g**2 - 6*g - 6. Let o be c(-4). Let t = 5 - o. Suppose 59 = t*d + 2. What is the greatest common factor of 57 and d?
19
Let p(r) = 3*r**2 + 2*r - 4. Let n be p(-3). Let b = n + -15. Calculate the highest common factor of 2 and b.
2
Suppose 2*i + 4 = 16. Calculate the highest common divisor of 24 and i.
6
Suppose -j + 62 = 49. Let l be 1/2*(-1 - -79). Calculate the highest common divisor of l and j.
13
Let g be ((-2)/(-9))/(-1) + 235/45. What is the highest common divisor of g and 40?
5
Suppose -2*x + 0 = -6. Suppose 0*y - 432 = -x*y. What is the highest common divisor of y and 18?
18
Suppose -5*y + 18 = -0*o + o, -66 = -3*o - 3*y. Calculate the highest common divisor of 184 and o.
23
Let g(y) = y + 6. Let u be g(4). Suppose u*s = 7*s + 36. What is the greatest common factor of 48 and s?
12
Let y = 1 + 4. Let j = 14 - y. Calculate the greatest common factor of j and 63.
9
Suppose 5*f - 42 = 2*f. Let w = -24 + -77. Let c = w + 241. What is the highest common factor of c and f?
14
Let h(g) = g**3 + 72. Let q be h(0). What is the highest common divisor of 108 and q?
36
Let s(u) = 3*u**2 - 14*u - 4. Let z be s(6). What is the greatest common factor of z and 30?
10
Let j be 2/5*30/3. Let l = -3 + j. Suppose 76 + l = g. Calculate the greatest common factor of 11 and g.
11
Suppose -21 = -2*f + 4*o + 81, 114 = 2*f + 2*o. What is the greatest common divisor of f and 5?
5
Let k = 10 + -1. Let t be (120/k)/(-2)*-3. Let u = 2 + t. What is the greatest common divisor of u and 242?
22
Let d = 226 + 71. Let q(z) = z + 27. Let m be q(0). Calculate the greatest common divisor of m and d.
27
Let j = -4 - -7. Let m be ((-33)/4)/(j/(-8)). Calculate the highest common factor of 11 and m.
11
Suppose -7*u + 8 = -5*u. Calculate the greatest common factor of u and 44.
4
Let b(z) = 7*z - 15. Let j be b(10). Let n = 69 - 47. What is the greatest common divisor of j and n?
11
Suppose -21 = -2*s + 35. Let o = 4 - 2. Suppose o*g - 15 = 13. What is the greatest common factor of g and s?
14
Let s(w) = 2*w + 2. Let k be s(2). Let y be 5/(-1*3/k). Let a = 14 + y. Calculate the highest common factor of 6 and a.
2
Let w(o) = -o**3 - 2*o**2 - 3*o - 3. Let t = -3 - -1. Let x be w(t). Suppose -3*a + 0*a = -x. Calculate the greatest common factor of 8 and a.
1
Suppose 10 = -y + 36. Suppose k = -4*k + 65. Calculate the greatest common divisor of k and y.
13
Let c = -9 + 6. Let q(g) = -17*g. Let o be q(c). Calculate the greatest common factor of o and 34.
17
Suppose -g + 9 = -11. Calculate the highest common divisor of g and 10.
10
Let g = 2 + 27. What is the highest common divisor of 145 and g?
29
Suppose 5*t - 5*l = 45, 5*l - 59 = -4*t + t. Suppose -2*n = n + 3. Let j be n/((-426)/(-429) + -1). Calculate the highest common divisor of t and j.
13
Suppose -1 = s + 2*b - 5, -5*b = s - 16. Let t be -2 + s/(-2) + 5. Let o = t - -1. Calculate the highest common divisor of o and 3.
3
Suppose 0 = -s + 4. Suppose -2*v = -4*l - 34, 4*l + 32 = 4*v - s. Let w = l - -12. Calculate the highest common divisor of w and 40.
4
Let p be 4/(-3)*3/(-2). Suppose -5 = -5*a, p*i - 10 = 2*a + 6. Suppose -i = -u - 3. What is the greatest common divisor of u and 42?
6
Let x(q) = -3*q**3 - 2*q**2 - 2*q - 1. Let j be x(-2). Let m be -2 - -135 - (4 + -4). What is the highest common divisor of j and m?
19
Let p = -26 + 28. Suppose p*a - 4*a = -198. Suppose 3*b - 6*b = -27. What is the highest common divisor of a and b?
9
Let s(u) = u + 34. Let p be s(-18). What is the highest common divisor of p and 24?
8
Let k = 5 - -5. Let g(p) = -p - 5. Let b be g(-6). Let j be (-6)/b*(-20)/6. Calculate the greatest common factor of k and j.
10
Suppose 4*w - 4 = -r, 0*w = 2*w - r - 2. What is the highest common factor of w and 8?
1
Let k(j) = j**3 - 5*j**2 - 5*j - 7. Let r be k(6). Let p = 4 + r. Suppose -169 - 29 = -p*a. Calculate the highest common factor of a and 6.
6
Let n(c) = 5*c**2 - 4*c + 3. Let g be n(2). Let i = g - 1. What is the greatest common factor of 98 and i?
14
Let o be (0 + 1 + 0)*5. Suppose -a = -x - x + 25, -x - o*a - 4 = 0. What is the greatest common divisor of x and 44?
11
Let y(g) = 4*g**3 - 4*g**2 - 2*g + 4. Let h be y(3). Suppose 0 = -7*n + 4*n + 315. Calculate the highest common factor of h and n.
35
Let m be 4 - (-6)/(-1) - -22. What is the highest common divisor of 220 and m?
20
Suppose 258 - 1094 = -4*c. Let d(s) = -6*s - 35. Let o be d(-9). What is the highest common factor of c and o?
19
Suppose -5*k + 16 = 11. What is the highest common factor of k and 13?
1
Let n(u) = 5*u - 1. Let k be n(2). Suppose 1 - k = -4*c. What is the highest common divisor of c and 14?
2
Let v(j) = j**3 - 4*j**2 + 9*j - 12. Let u be v(4). Calculate the greatest common factor of 8 and u.
8
Let i(q) = 6 - 3 + 3 + q**2 + 6*q. Let h be i(-6). What is the highest common factor of 66 and h?
6
Let b be (-2)/(1*2/(-14)). Let i = 13 - 7. Let w be 130/18 + i/(-27). Calculate the greatest common factor of w and b.
7
Let q = -26 + 28. Suppose q*u - 3*m + 33 = 6*u, 0 = u - 2*m - 22. Calculate the greatest common divisor of u and 120.
12
Let a(z) = -2*z**2 - 1. Let n be a(1). Let d = 17 + n. Suppose -2 = -3*x + 4*g, 4*x - g - g - 6 = 0. Calculate the greatest common divisor of d and x.
2
Let l = 47 + -19. Let o(g) = g**2 + 4*g + 2. Let h be o(-4). Let m be (-250)/(-6) + h/6. What is the highest common factor of m and l?
14
Let j = 6 + 6. Let l = 1 + j. Calculate the greatest common factor of l and 13.
13
Let c = 61 - 368. Let n = -211 - c. Suppose 2*g + 12 = n. What is the highest common factor of 6 and g?
6
Let a be 6/(-5)*-37 + 10/(-25). What is the highest common factor of 110 and a?
22
Let t = 22 - -10. What is the highest common factor of 16 and t?
16
Let d be (-615)/(-4) + 2/8. Suppose -5*h + 12 = 2. Suppose 0 = -2*o - 3*n + 17 + 20, -62 = -4*o - h*n. What is the greatest common divisor of d and o?
14
Suppose 3*g = -g - 76. Let m = -41 - g. Let z = -8 - m. Calculate the greatest common factor of z and 35.
7
Suppose 7*r + c - 1360 = 3*r, -2*c + 1020 = 3*r. Calculate the highest common factor of 20 and r.
20
Suppose q + 3*q - 5 = 3*x, 4*q + 4*x - 40 = 0. Suppose 0*v + 3*v = q*h + 47, 5*h + 19 = v. Let b = 236 - 166. Calculate the highest common divisor of v and b.
14
Suppose -b + 6 = -2*t, -50 = -3*b - 0*b - 2*t. Let p(r) = 6 - 4 + 2 + r. Let g be p(-2). What is the highest common factor of g and b?
2
Let o = 39 + -64. Let g = o + 38. Suppose -3*y + 5*d = 7, 5*d - g = -3*y - 0. What is the highest common factor of 1 and y?
1
Let b = -57 - -65. What is the highest common divisor of b and 16?
8
Suppose l + 2*b - 36 = 0, 0 = -5*l - 0*b - 3*b + 166. Calculate the highest common divisor of 16 and l.
16
Let r(m) = 18*m**2. Suppose 1 = 5*o - 4. Let j be r(o). Calculate the highest common factor of j and 6.
6
Suppose -4*c - 4*k + 0 = -32, 0 = 4*k. Suppose 4 = 3*x - c. Let n be x/6 + 7/3. Calculate the greatest common factor of 6 and n.
3
Suppose l + 129 = g, 2*l - 138 = -g - 0*g. Calculate the greatest common factor of 12 and g.
12
Let y = -5 - -8. Suppose -168 = -y*a + 2*h, 0*a - 5*h = 5*a - 280. Wha